{"id":220,"date":"2009-08-07T12:52:12","date_gmt":"2009-08-07T11:52:12","guid":{"rendered":"http:\/\/www.prazsky.cztenis.cz\/?page_id=220"},"modified":"2024-03-15T13:48:13","modified_gmt":"2024-03-15T12:48:13","slug":"predpisy-pts","status":"publish","type":"page","link":"http:\/\/www.prazsky.cztenis.cz\/?page_id=220","title":{"rendered":"P\u0159edpisy PTS"},"content":{"rendered":"<p><a href=\"http:\/\/www.prazsky.cztenis.cz\/?attachment_id=4415\" rel=\"attachment wp-att-4415\"><img decoding=\"async\" loading=\"lazy\" class=\" wp-image-4415 alignnone\" src=\"http:\/\/www.prazsky.cztenis.cz\/wp-content\/uploads\/2018\/10\/PTS_logo-300x195.jpg\" alt=\"\" width=\"77\" height=\"50\" srcset=\"http:\/\/www.prazsky.cztenis.cz\/wp-content\/uploads\/2018\/10\/PTS_logo-300x195.jpg 300w, http:\/\/www.prazsky.cztenis.cz\/wp-content\/uploads\/2018\/10\/PTS_logo-768x498.jpg 768w, http:\/\/www.prazsky.cztenis.cz\/wp-content\/uploads\/2018\/10\/PTS_logo-1024x664.jpg 1024w, http:\/\/www.prazsky.cztenis.cz\/wp-content\/uploads\/2018\/10\/PTS_logo.jpg 1858w\" sizes=\"(max-width: 77px) 100vw, 77px\" \/><\/a><\/p>\n<p><strong>P\u0158EDPISY PTS<\/strong><br \/>\nP\u0159edpisy Pra\u017esk\u00e9ho tenisov\u00e9ho svazu ( PTS) jsou soubor ustanoven\u00ed, vznikl\u00fdch na z\u00e1klad\u011b rozhodnut\u00ed org\u00e1n\u016f PTS, kter\u00e9 jsou z\u00e1vazn\u00e9 pro sportovn\u00ed a organiza\u010dn\u00ed postupy v \u010dinnosti klub\u016f a svazov\u00fdch komis\u00ed.<br \/>\nPTS pou\u017e\u00edv\u00e1 p\u0159edpisy k p\u0159en\u00e1\u0161en\u00ed povinnost\u00ed vznikl\u00fdch z rozhodnut\u00ed org\u00e1n\u016f svazu na kluby. Komise VV PTS pou\u017e\u00edvaj\u00ed postupy p\u0159edepsan\u00e9 p\u0159\u00edslu\u0161n\u00fdm p\u0159edpisem PTS zejm\u00e9na p\u0159i \u0159e\u0161en\u00ed opakovan\u00fdch a standardn\u00edch situac\u00ed k zaji\u0161t\u011bn\u00ed stejn\u00e9ho p\u0159\u00edstupu k p\u0159\u00edpad\u016fm \u0159e\u0161en\u00fdm v del\u0161\u00edm \u010dasov\u00e9m odstupu. Kluby jsou zav\u00e1z\u00e1ny postupovat podle vydan\u00fdch p\u0159edpis\u016f PTS p\u0159i uplat\u0148ov\u00e1n\u00ed n\u00e1rok\u016f pro organizaci sportovn\u00edch akc\u00ed, p\u0159i up\u0159esn\u011bn\u00ed po\u017eadavk\u016f \u0159\u00e1d\u016f \u010cesk\u00e9ho tenisov\u00e9ho svazu (\u010cTS) a sjednocen\u00ed jejich v\u00fdkladu, zejm\u00e9na t\u011bch, kter\u00e9 jsou d\u00e1ny do pravomoci oblastn\u00edch tenisov\u00fdch svaz\u016f.<\/p>\n<p>Seznam platn\u00fdch p\u0159edpis\u016f:<\/p>\n<p><a href=\"http:\/\/www.prazsky.cztenis.cz\/?attachment_id=7970\" target=\"_blank\" rel=\"attachment wp-att-7970 noopener\">1_23 &#8211; Sazebn\u00edk rozhod\u010d\u00ed<\/a><\/p>\n<p><a href=\"http:\/\/www.prazsky.cztenis.cz\/?attachment_id=5214\" rel=\"attachment wp-att-5214\">15_19_Z\u00e1vazn\u00fd zp\u016fsob po\u010d\u00edt\u00e1n\u00ed stavu v utk\u00e1n\u00ed<\/a><\/p>\n<p><a href=\"http:\/\/www.prazsky.cztenis.cz\/?attachment_id=5213\" rel=\"attachment wp-att-5213\">14_19_oble\u010dn\u00ed hr\u00e1\u010d\u016f<\/a><\/p>\n<p><a href=\"http:\/\/www.prazsky.cztenis.cz\/?attachment_id=5212\" rel=\"attachment wp-att-5212\">13_19_v\u00fdm\u011bny sout\u011b\u017e\u00ed<\/a><\/p>\n<p><a href=\"http:\/\/www.prazsky.cztenis.cz\/?attachment_id=5211\" rel=\"attachment wp-att-5211\">12_19_p\u0159ijm\u00e1n\u00ed do sout\u011b\u017e\u00ed dluhy<\/a><\/p>\n<p><a href=\"http:\/\/www.prazsky.cztenis.cz\/?attachment_id=5210\" rel=\"attachment wp-att-5210\">11_19_ p\u0159ijman\u00ed p\u0159ihl\u00e1\u0161ek do TL<\/a><\/p>\n<p><a href=\"http:\/\/www.prazsky.cztenis.cz\/?attachment_id=5209\" rel=\"attachment wp-att-5209\">10_19_ za\u0159azov\u00e1n\u00ed dru\u017estev do sout\u011b\u017e\u00ed<\/a><\/p>\n<p><a href=\"http:\/\/www.prazsky.cztenis.cz\/?attachment_id=5208\" rel=\"attachment wp-att-5208\">9_19__ losov\u00e1n\u00ed<\/a><\/p>\n<p><a href=\"http:\/\/www.prazsky.cztenis.cz\/?attachment_id=5207\" rel=\"attachment wp-att-5207\">8_19_optim\u00e1ln\u00ed zisk z vklad\u016f<\/a><\/p>\n<p><a href=\"http:\/\/www.prazsky.cztenis.cz\/?attachment_id=5206\" rel=\"attachment wp-att-5206\">7_19_osobn\u00ed \u00fadaje<\/a><\/p>\n<p><a href=\"http:\/\/www.prazsky.cztenis.cz\/?attachment_id=5205\" rel=\"attachment wp-att-5205\">6_19_ postupy na republikov\u00e9 sout\u011b\u017ee<\/a><\/p>\n<p><a href=\"http:\/\/www.prazsky.cztenis.cz\/?attachment_id=5203\" rel=\"attachment wp-att-5203\">4_19_ zah\u00e1jen\u00ed utk\u00e1n\u00ed, nezp\u016fsobilost dvorc\u016f<\/a><\/p>\n<p><a href=\"http:\/\/www.prazsky.cztenis.cz\/?attachment_id=5202\" rel=\"attachment wp-att-5202\">3_19_odm\u00edtnut\u00ed p\u0159ihl\u00e1\u0161ky<\/a><\/p>\n<p><a href=\"http:\/\/www.prazsky.cztenis.cz\/?attachment_id=5201\" rel=\"attachment wp-att-5201\">2_19_povrchy<\/a><\/p>\n<p><a href=\"http:\/\/www.prazsky.cztenis.cz\/?attachment_id=7527\" rel=\"attachment wp-att-7527\">1_19_sazebn\u00edk rozhod\u010d\u00ed &#8211; upraven P\u0159edpisem 1\/2023<\/a><\/p>\n\n\n<div class=\"wp-block-file\"><object class=\"wp-block-file__embed\" data=\"http:\/\/www.prazsky.cztenis.cz\/wp-content\/uploads\/2024\/03\/1_24_oficialni-mic.pdf\" type=\"application\/pdf\" style=\"width:100%;height:600px\" aria-label=\"Vlo\u017eit z 1_24_ofici\u00e1ln\u00ed m\u00ed\u010d.\"><\/object><a id=\"wp-block-file--media-863539df-a4fc-4020-b637-c00456114e9c\" href=\"http:\/\/www.prazsky.cztenis.cz\/wp-content\/uploads\/2024\/03\/1_24_oficialni-mic.pdf\">1_24_ofici\u00e1ln\u00ed m\u00ed\u010d<\/a><a href=\"http:\/\/www.prazsky.cztenis.cz\/wp-content\/uploads\/2024\/03\/1_24_oficialni-mic.pdf\" class=\"wp-block-file__button wp-element-button\" download aria-describedby=\"wp-block-file--media-863539df-a4fc-4020-b637-c00456114e9c\">Download<\/a><\/div>\n","protected":false},"excerpt":{"rendered":"<p>P\u0158EDPISY PTS P\u0159edpisy Pra\u017esk\u00e9ho tenisov\u00e9ho svazu ( PTS) jsou soubor ustanoven\u00ed, vznikl\u00fdch na z\u00e1klad\u011b rozhodnut\u00ed org\u00e1n\u016f PTS, kter\u00e9 jsou z\u00e1vazn\u00e9 pro sportovn\u00ed a organiza\u010dn\u00ed postupy v \u010dinnosti klub\u016f a svazov\u00fdch komis\u00ed. PTS pou\u017e\u00edv\u00e1 p\u0159edpisy k p\u0159en\u00e1\u0161en\u00ed povinnost\u00ed vznikl\u00fdch z rozhodnut\u00ed org\u00e1n\u016f svazu na kluby. Komise VV PTS pou\u017e\u00edvaj\u00ed postupy p\u0159edepsan\u00e9 p\u0159\u00edslu\u0161n\u00fdm p\u0159edpisem PTS zejm\u00e9na p\u0159i [&hellip;]<\/p>\n","protected":false},"author":1,"featured_media":0,"parent":0,"menu_order":0,"comment_status":"open","ping_status":"open","template":"","meta":[],"_links":{"self":[{"href":"http:\/\/www.prazsky.cztenis.cz\/index.php?rest_route=\/wp\/v2\/pages\/220"}],"collection":[{"href":"http:\/\/www.prazsky.cztenis.cz\/index.php?rest_route=\/wp\/v2\/pages"}],"about":[{"href":"http:\/\/www.prazsky.cztenis.cz\/index.php?rest_route=\/wp\/v2\/types\/page"}],"author":[{"embeddable":true,"href":"http:\/\/www.prazsky.cztenis.cz\/index.php?rest_route=\/wp\/v2\/users\/1"}],"replies":[{"embeddable":true,"href":"http:\/\/www.prazsky.cztenis.cz\/index.php?rest_route=%2Fwp%2Fv2%2Fcomments&post=220"}],"version-history":[{"count":25,"href":"http:\/\/www.prazsky.cztenis.cz\/index.php?rest_route=\/wp\/v2\/pages\/220\/revisions"}],"predecessor-version":[{"id":8548,"href":"http:\/\/www.prazsky.cztenis.cz\/index.php?rest_route=\/wp\/v2\/pages\/220\/revisions\/8548"}],"wp:attachment":[{"href":"http:\/\/www.prazsky.cztenis.cz\/index.php?rest_route=%2Fwp%2Fv2%2Fmedia&parent=220"}],"curies":[{"name":"wp","href":"https:\/\/api.w.org\/{rel}","templated":true}]}}